{"id":6,"date":"2023-11-30T02:20:20","date_gmt":"2023-11-30T02:20:20","guid":{"rendered":"https:\/\/site17.arn1103.uqat.ca\/?page_id=6"},"modified":"2023-12-07T02:44:43","modified_gmt":"2023-12-07T02:44:43","slug":"service","status":"publish","type":"page","link":"https:\/\/site17.arn1103.uqat.ca\/index.php\/service\/","title":{"rendered":"Service."},"content":{"rendered":"\n<p class=\"has-base-2-color has-contrast-2-background-color has-text-color has-background has-link-color wp-elements-24bf0ea71b4800578c2020b5d94cede0\">Service de tondeuse r\u00e9sidentielle et industrielle partout dans le monde 24\/7, 365 jours par ann\u00e9e.<\/p>\n\n\n\n<figure class=\"wp-block-image size-large is-resized wp-duotone-duotone-4\"><img loading=\"lazy\" decoding=\"async\" width=\"1024\" height=\"540\" src=\"https:\/\/site17.arn1103.uqat.ca\/wp-content\/uploads\/2023\/12\/pexels-peter-steele-14248085-1024x540.jpg\" alt=\"\" class=\"wp-image-62\" style=\"width:618px;height:auto\" srcset=\"https:\/\/site17.arn1103.uqat.ca\/wp-content\/uploads\/2023\/12\/pexels-peter-steele-14248085-1024x540.jpg 1024w, https:\/\/site17.arn1103.uqat.ca\/wp-content\/uploads\/2023\/12\/pexels-peter-steele-14248085-300x158.jpg 300w, https:\/\/site17.arn1103.uqat.ca\/wp-content\/uploads\/2023\/12\/pexels-peter-steele-14248085-768x405.jpg 768w, https:\/\/site17.arn1103.uqat.ca\/wp-content\/uploads\/2023\/12\/pexels-peter-steele-14248085-1536x810.jpg 1536w, https:\/\/site17.arn1103.uqat.ca\/wp-content\/uploads\/2023\/12\/pexels-peter-steele-14248085-2048x1080.jpg 2048w\" sizes=\"auto, (max-width: 1024px) 100vw, 1024px\" \/><\/figure>\n\n\n\n<p class=\"has-base-2-color has-contrast-2-background-color has-text-color has-background has-link-color wp-elements-7e65eaff8a80ecd235a401fd9c5e8137\">Nos services sont au prix n\u00e9gociable directement avec nos op\u00e9rateur selon la grandeur de votre terrain, son accessibilit\u00e9 et bien \u00e9videment votre beau sourire \ud83d\ude09 (peut varier entre 200$ et 20000$)<\/p>\n\n\n\n<p class=\"has-contrast-2-color has-base-2-background-color has-text-color has-background has-link-color wp-elements-ed83cbdb5efa7a422811961c31a125d0\"><a href=\"https:\/\/site17.arn1103.uqat.ca\/index.php\/nous-rejoindre\/\">Pour plus d&rsquo;information veuillez nous appeler directement.<\/a><\/p>\n","protected":false},"excerpt":{"rendered":"<p>Service de tondeuse r\u00e9sidentielle et industrielle partout dans le monde 24\/7, 365 jours par ann\u00e9e. Nos services sont au prix n\u00e9gociable directement avec nos op\u00e9rateur selon la grandeur de votre terrain, son accessibilit\u00e9 et bien \u00e9videment votre beau sourire \ud83d\ude09 (peut varier entre 200$ et 20000$) Pour plus d&rsquo;information veuillez nous appeler directement.<\/p>\n","protected":false},"author":1,"featured_media":0,"parent":0,"menu_order":0,"comment_status":"closed","ping_status":"closed","template":"","meta":{"footnotes":""},"class_list":["post-6","page","type-page","status-publish","hentry"],"yoast_head":"<!-- This site is optimized with the Yoast SEO plugin v27.6 - https:\/\/yoast.com\/product\/yoast-seo-wordpress\/ -->\n<title>Service. - Tondeuse.inc<\/title>\n<meta name=\"robots\" content=\"index, follow, max-snippet:-1, max-image-preview:large, max-video-preview:-1\" \/>\n<link rel=\"canonical\" href=\"https:\/\/site17.arn1103.uqat.ca\/index.php\/service\/\" \/>\n<meta property=\"og:locale\" content=\"fr_CA\" \/>\n<meta property=\"og:type\" content=\"article\" \/>\n<meta property=\"og:title\" content=\"Service. - Tondeuse.inc\" \/>\n<meta property=\"og:description\" content=\"Service de tondeuse r\u00e9sidentielle et industrielle partout dans le monde 24\/7, 365 jours par ann\u00e9e. Nos services sont au prix n\u00e9gociable directement avec nos op\u00e9rateur selon la grandeur de votre terrain, son accessibilit\u00e9 et bien \u00e9videment votre beau sourire \ud83d\ude09 (peut varier entre 200$ et 20000$) Pour plus d&rsquo;information veuillez nous appeler directement.\" \/>\n<meta property=\"og:url\" content=\"https:\/\/site17.arn1103.uqat.ca\/index.php\/service\/\" \/>\n<meta property=\"og:site_name\" content=\"Tondeuse.inc\" \/>\n<meta property=\"article:modified_time\" content=\"2023-12-07T02:44:43+00:00\" \/>\n<meta property=\"og:image\" content=\"https:\/\/site17.arn1103.uqat.ca\/wp-content\/uploads\/2023\/12\/pexels-peter-steele-14248085-1024x540.jpg\" \/>\n<meta name=\"twitter:card\" content=\"summary_large_image\" \/>\n<meta name=\"twitter:label1\" content=\"Estimation du temps de lecture\" \/>\n\t<meta name=\"twitter:data1\" content=\"1 minute\" \/>\n<script type=\"application\/ld+json\" class=\"yoast-schema-graph\">{\"@context\":\"https:\\\/\\\/schema.org\",\"@graph\":[{\"@type\":\"WebPage\",\"@id\":\"https:\\\/\\\/site17.arn1103.uqat.ca\\\/index.php\\\/service\\\/\",\"url\":\"https:\\\/\\\/site17.arn1103.uqat.ca\\\/index.php\\\/service\\\/\",\"name\":\"Service. - Tondeuse.inc\",\"isPartOf\":{\"@id\":\"https:\\\/\\\/site17.arn1103.uqat.ca\\\/#website\"},\"primaryImageOfPage\":{\"@id\":\"https:\\\/\\\/site17.arn1103.uqat.ca\\\/index.php\\\/service\\\/#primaryimage\"},\"image\":{\"@id\":\"https:\\\/\\\/site17.arn1103.uqat.ca\\\/index.php\\\/service\\\/#primaryimage\"},\"thumbnailUrl\":\"https:\\\/\\\/site17.arn1103.uqat.ca\\\/wp-content\\\/uploads\\\/2023\\\/12\\\/pexels-peter-steele-14248085-1024x540.jpg\",\"datePublished\":\"2023-11-30T02:20:20+00:00\",\"dateModified\":\"2023-12-07T02:44:43+00:00\",\"breadcrumb\":{\"@id\":\"https:\\\/\\\/site17.arn1103.uqat.ca\\\/index.php\\\/service\\\/#breadcrumb\"},\"inLanguage\":\"fr-CA\",\"potentialAction\":[{\"@type\":\"ReadAction\",\"target\":[\"https:\\\/\\\/site17.arn1103.uqat.ca\\\/index.php\\\/service\\\/\"]}]},{\"@type\":\"ImageObject\",\"inLanguage\":\"fr-CA\",\"@id\":\"https:\\\/\\\/site17.arn1103.uqat.ca\\\/index.php\\\/service\\\/#primaryimage\",\"url\":\"https:\\\/\\\/site17.arn1103.uqat.ca\\\/wp-content\\\/uploads\\\/2023\\\/12\\\/pexels-peter-steele-14248085-scaled.jpg\",\"contentUrl\":\"https:\\\/\\\/site17.arn1103.uqat.ca\\\/wp-content\\\/uploads\\\/2023\\\/12\\\/pexels-peter-steele-14248085-scaled.jpg\",\"width\":2560,\"height\":1350},{\"@type\":\"BreadcrumbList\",\"@id\":\"https:\\\/\\\/site17.arn1103.uqat.ca\\\/index.php\\\/service\\\/#breadcrumb\",\"itemListElement\":[{\"@type\":\"ListItem\",\"position\":1,\"name\":\"Accueil\",\"item\":\"https:\\\/\\\/site17.arn1103.uqat.ca\\\/\"},{\"@type\":\"ListItem\",\"position\":2,\"name\":\"Service.\"}]},{\"@type\":\"WebSite\",\"@id\":\"https:\\\/\\\/site17.arn1103.uqat.ca\\\/#website\",\"url\":\"https:\\\/\\\/site17.arn1103.uqat.ca\\\/\",\"name\":\"Tondeuse.inc\",\"description\":\"Tondeuses vertes pour un avenir vert.\",\"publisher\":{\"@id\":\"https:\\\/\\\/site17.arn1103.uqat.ca\\\/#organization\"},\"potentialAction\":[{\"@type\":\"SearchAction\",\"target\":{\"@type\":\"EntryPoint\",\"urlTemplate\":\"https:\\\/\\\/site17.arn1103.uqat.ca\\\/?s={search_term_string}\"},\"query-input\":{\"@type\":\"PropertyValueSpecification\",\"valueRequired\":true,\"valueName\":\"search_term_string\"}}],\"inLanguage\":\"fr-CA\"},{\"@type\":\"Organization\",\"@id\":\"https:\\\/\\\/site17.arn1103.uqat.ca\\\/#organization\",\"name\":\"Tondeuse.inc\",\"url\":\"https:\\\/\\\/site17.arn1103.uqat.ca\\\/\",\"logo\":{\"@type\":\"ImageObject\",\"inLanguage\":\"fr-CA\",\"@id\":\"https:\\\/\\\/site17.arn1103.uqat.ca\\\/#\\\/schema\\\/logo\\\/image\\\/\",\"url\":\"https:\\\/\\\/site17.arn1103.uqat.ca\\\/wp-content\\\/uploads\\\/2023\\\/12\\\/snorlax-gmax.png\",\"contentUrl\":\"https:\\\/\\\/site17.arn1103.uqat.ca\\\/wp-content\\\/uploads\\\/2023\\\/12\\\/snorlax-gmax.png\",\"width\":68,\"height\":56,\"caption\":\"Tondeuse.inc\"},\"image\":{\"@id\":\"https:\\\/\\\/site17.arn1103.uqat.ca\\\/#\\\/schema\\\/logo\\\/image\\\/\"}}]}<\/script>\n<!-- \/ Yoast SEO plugin. -->","yoast_head_json":{"title":"Service. - Tondeuse.inc","robots":{"index":"index","follow":"follow","max-snippet":"max-snippet:-1","max-image-preview":"max-image-preview:large","max-video-preview":"max-video-preview:-1"},"canonical":"https:\/\/site17.arn1103.uqat.ca\/index.php\/service\/","og_locale":"fr_CA","og_type":"article","og_title":"Service. - Tondeuse.inc","og_description":"Service de tondeuse r\u00e9sidentielle et industrielle partout dans le monde 24\/7, 365 jours par ann\u00e9e. Nos services sont au prix n\u00e9gociable directement avec nos op\u00e9rateur selon la grandeur de votre terrain, son accessibilit\u00e9 et bien \u00e9videment votre beau sourire \ud83d\ude09 (peut varier entre 200$ et 20000$) Pour plus d&rsquo;information veuillez nous appeler directement.","og_url":"https:\/\/site17.arn1103.uqat.ca\/index.php\/service\/","og_site_name":"Tondeuse.inc","article_modified_time":"2023-12-07T02:44:43+00:00","og_image":[{"url":"https:\/\/site17.arn1103.uqat.ca\/wp-content\/uploads\/2023\/12\/pexels-peter-steele-14248085-1024x540.jpg","type":"","width":"","height":""}],"twitter_card":"summary_large_image","twitter_misc":{"Estimation du temps de lecture":"1 minute"},"schema":{"@context":"https:\/\/schema.org","@graph":[{"@type":"WebPage","@id":"https:\/\/site17.arn1103.uqat.ca\/index.php\/service\/","url":"https:\/\/site17.arn1103.uqat.ca\/index.php\/service\/","name":"Service. - Tondeuse.inc","isPartOf":{"@id":"https:\/\/site17.arn1103.uqat.ca\/#website"},"primaryImageOfPage":{"@id":"https:\/\/site17.arn1103.uqat.ca\/index.php\/service\/#primaryimage"},"image":{"@id":"https:\/\/site17.arn1103.uqat.ca\/index.php\/service\/#primaryimage"},"thumbnailUrl":"https:\/\/site17.arn1103.uqat.ca\/wp-content\/uploads\/2023\/12\/pexels-peter-steele-14248085-1024x540.jpg","datePublished":"2023-11-30T02:20:20+00:00","dateModified":"2023-12-07T02:44:43+00:00","breadcrumb":{"@id":"https:\/\/site17.arn1103.uqat.ca\/index.php\/service\/#breadcrumb"},"inLanguage":"fr-CA","potentialAction":[{"@type":"ReadAction","target":["https:\/\/site17.arn1103.uqat.ca\/index.php\/service\/"]}]},{"@type":"ImageObject","inLanguage":"fr-CA","@id":"https:\/\/site17.arn1103.uqat.ca\/index.php\/service\/#primaryimage","url":"https:\/\/site17.arn1103.uqat.ca\/wp-content\/uploads\/2023\/12\/pexels-peter-steele-14248085-scaled.jpg","contentUrl":"https:\/\/site17.arn1103.uqat.ca\/wp-content\/uploads\/2023\/12\/pexels-peter-steele-14248085-scaled.jpg","width":2560,"height":1350},{"@type":"BreadcrumbList","@id":"https:\/\/site17.arn1103.uqat.ca\/index.php\/service\/#breadcrumb","itemListElement":[{"@type":"ListItem","position":1,"name":"Accueil","item":"https:\/\/site17.arn1103.uqat.ca\/"},{"@type":"ListItem","position":2,"name":"Service."}]},{"@type":"WebSite","@id":"https:\/\/site17.arn1103.uqat.ca\/#website","url":"https:\/\/site17.arn1103.uqat.ca\/","name":"Tondeuse.inc","description":"Tondeuses vertes pour un avenir vert.","publisher":{"@id":"https:\/\/site17.arn1103.uqat.ca\/#organization"},"potentialAction":[{"@type":"SearchAction","target":{"@type":"EntryPoint","urlTemplate":"https:\/\/site17.arn1103.uqat.ca\/?s={search_term_string}"},"query-input":{"@type":"PropertyValueSpecification","valueRequired":true,"valueName":"search_term_string"}}],"inLanguage":"fr-CA"},{"@type":"Organization","@id":"https:\/\/site17.arn1103.uqat.ca\/#organization","name":"Tondeuse.inc","url":"https:\/\/site17.arn1103.uqat.ca\/","logo":{"@type":"ImageObject","inLanguage":"fr-CA","@id":"https:\/\/site17.arn1103.uqat.ca\/#\/schema\/logo\/image\/","url":"https:\/\/site17.arn1103.uqat.ca\/wp-content\/uploads\/2023\/12\/snorlax-gmax.png","contentUrl":"https:\/\/site17.arn1103.uqat.ca\/wp-content\/uploads\/2023\/12\/snorlax-gmax.png","width":68,"height":56,"caption":"Tondeuse.inc"},"image":{"@id":"https:\/\/site17.arn1103.uqat.ca\/#\/schema\/logo\/image\/"}}]}},"_links":{"self":[{"href":"https:\/\/site17.arn1103.uqat.ca\/index.php\/wp-json\/wp\/v2\/pages\/6","targetHints":{"allow":["GET"]}}],"collection":[{"href":"https:\/\/site17.arn1103.uqat.ca\/index.php\/wp-json\/wp\/v2\/pages"}],"about":[{"href":"https:\/\/site17.arn1103.uqat.ca\/index.php\/wp-json\/wp\/v2\/types\/page"}],"author":[{"embeddable":true,"href":"https:\/\/site17.arn1103.uqat.ca\/index.php\/wp-json\/wp\/v2\/users\/1"}],"replies":[{"embeddable":true,"href":"https:\/\/site17.arn1103.uqat.ca\/index.php\/wp-json\/wp\/v2\/comments?post=6"}],"version-history":[{"count":5,"href":"https:\/\/site17.arn1103.uqat.ca\/index.php\/wp-json\/wp\/v2\/pages\/6\/revisions"}],"predecessor-version":[{"id":63,"href":"https:\/\/site17.arn1103.uqat.ca\/index.php\/wp-json\/wp\/v2\/pages\/6\/revisions\/63"}],"wp:attachment":[{"href":"https:\/\/site17.arn1103.uqat.ca\/index.php\/wp-json\/wp\/v2\/media?parent=6"}],"curies":[{"name":"wp","href":"https:\/\/api.w.org\/{rel}","templated":true}]}}